eatest common factor of 22 and s.
22
Let l be 24*(1 - 2 - 0). Let q be (-41)/(-4)*l/(-6). Let r = -25 + q. Calculate the greatest common divisor of r and 8.
8
Suppose -12467 - 833 = -19*i. Calculate the highest common factor of i and 28.
28
Let k(c) = -42*c - 77. Let g be k(-5). Calculate the highest common divisor of g and 38.
19
Let a(g) = 124*g**2 + 1 - 255*g**2 + 129*g**2 - 2*g. Let n be a(0). Calculate the greatest common factor of n and 3.
1
Let y = -2847 - -2865. Suppose 2*x = -3*i - 0*x + 44, -i + 3*x = 0. Calculate the highest common divisor of i and y.
6
Suppose 4*t + 0 = 16. Suppose -3 + t = z. Let l = -4824 - -4829. Calculate the greatest common divisor of l and z.
1
Let b(n) = -n**3 - 13*n**2 + 41*n + 20. Let x be b(-16). Calculate the highest common factor of x and 198.
66
Suppose 2*p = 5*a + 50, -p + 9*a - 4*a + 35 = 0. Let q be (-12 + (-3 - -5))/1. Let u be (4/q)/(2/(-30)). Calculate the greatest common divisor of p and u.
3
Let v = -2508 + 2651. Calculate the highest common factor of 13 and v.
13
Let g = 284 + -116. Suppose 3*y - 15 = -13*w + 12*w, -8 = 4*y. What is the greatest common factor of w and g?
21
Let z(r) = -10*r - 51. Let i be z(-8). Calculate the highest common factor of 58 and i.
29
Suppose -2*q - 3*q + 4*c = -148, -3*q + 5*c + 81 = 0. Calculate the highest common divisor of q and 112.
16
Let t = 122 - -14. What is the highest common divisor of 34 and t?
34
Let c(b) = -b + 1. Let s(x) = 2*x + 27. Let q(i) = 4*c(i) + s(i). Let y be q(13). Calculate the greatest common factor of 10 and y.
5
Suppose 2*o + 2*o + q - 191 = 0, 0 = -o + 4*q + 69. Let i = 1285 - 746. What is the highest common factor of o and i?
49
Suppose 4*w - 6 = 6. Let k be (-1 + -3)*(-30)/4. Suppose 2*a = 5*i + 55, -a = -w*i + i - k. Calculate the greatest common factor of 5 and a.
5
Suppose 43*r - 1407 = -24*r. Let j = -49 + 133. What is the highest common factor of j and r?
21
Let w = 446 + -435. Calculate the greatest common factor of 5 and w.
1
Suppose -q - 4*k = -49, 2*q + k - 2*k = 53. Suppose q = l + 8. Calculate the greatest common divisor of 6 and l.
3
Let c(v) be the second derivative of v**4/12 - v**3 + 2*v**2 + 2*v. Let n = -39 + 45. Let a be c(n). Calculate the greatest common divisor of a and 6.
2
Let l = 440 + -376. What is the greatest common factor of l and 36?
4
Let m be (4/3)/(3 - (-91)/(-30)). Let p = m + 48. What is the highest common factor of 12 and p?
4
Let h = -379 - -421. What is the highest common divisor of h and 147?
21
Suppose 14 = 2*w - 10. Suppose 2*r + 344 = 4*h, 240*h - 237*h - 236 = -4*r. Calculate the highest common divisor of w and h.
12
Suppose 0 = -3*o + 171 + 18. Let f be o/(20/8 - 2). Calculate the greatest common divisor of 18 and f.
18
Let f = 20 + -13. Suppose 3*w - 23 = 5*n, -f*w + n - 21 = -8*w. Calculate the greatest common divisor of w and 8.
8
Let h(p) = p**2 + 2*p. Let v be h(-3). Suppose -y = -v*y + 14. Suppose 2*q - y = -4*u - 1, -2*q + 6 = 3*u. What is the highest common factor of 3 and q?
3
Let f = 26 + -16. Let v be (8 - (-3 - -1))/((-1)/(-5)). What is the highest common factor of v and f?
10
Suppose 88*j - 93*j - 2*p = -1815, -4*p - 1063 = -3*j. What is the highest common divisor of j and 19?
19
Let d = 161 - -10. Suppose 14*w = -5*w + 363 - 2. Calculate the greatest common factor of w and d.
19
Let t be (-1272)/156 - (-4)/26. Let s = 28 - t. Let w = s - 3. Calculate the highest common factor of 11 and w.
11
Let u(w) = 12*w + 15. Let a be u(4). Let q(i) = i**2 + 8*i + 9. Let l be q(-8). Calculate the greatest common divisor of a and l.
9
Let l be ((-1)/2)/((-23)/(-46)). Let x be (2 - l)*(-75)/(-9). Suppose 3*i = -x + 121. What is the highest common divisor of 80 and i?
16
Suppose 0 = 11*o - 14*o + 3. Let d be 1313/26 + o/(-2). Calculate the highest common factor of 10 and d.
10
Let x = 23 - 17. Suppose -x = 2*v + 5*g, -5*v = g - 2*g - 12. What is the highest common divisor of v and 2?
2
Let j be (66/21)/((-40)/(-35))*52. What is the highest common divisor of 26 and j?
13
Let p(f) = -2*f**2 - 6*f - 7. Let m(c) = -c**2 + 19*c - 38. Let i be m(17). Let s be p(i). Let q = s + 31. What is the highest common factor of q and 176?
16
Let f = 1341 + -950. Calculate the highest common factor of 23 and f.
23
Suppose 47 = -5*k - 78. Let v be (-10)/k + 1016/10. Suppose 5*h - 3*s + 2*s = v, 4*h + 4*s - 72 = 0. Calculate the greatest common factor of h and 5.
5
Suppose -29*u + 34*u = 2*z + 2171, -2*z = 3*u - 1309. What is the greatest common factor of 45 and u?
15
Let j = -51 - -51. Suppose 25*o - 22*o - 66 = j. Calculate the highest common divisor of 242 and o.
22
Let w be (-4)/(-2)*(6 + -4). Suppose 0*h = -w*h + 20. Let i(b) = b**3 - 4*b. Let m be i(h). Calculate the greatest common divisor of m and 21.
21
Suppose 23*t - 739 = 89. What is the highest common divisor of 96 and t?
12
Let r(d) = -5*d**2 - 80*d - 26. Let a be r(-15). Calculate the greatest common divisor of 196 and a.
49
Let g be 111/(-5) - (-7)/35. Let l be (-170 - (-1 - -1))*11/g. Calculate the highest common factor of 17 and l.
17
Let z = -12 + 34. Let i = 56 + -38. Let a be (-324)/(-10) + i/30. What is the highest common factor of a and z?
11
Let d = -849 + 856. Calculate the greatest common factor of 175 and d.
7
Let j = -31 - -37. Let n be 63/(-3)*2/j*-2. Calculate the greatest common factor of 14 and n.
14
Let b(w) be the first derivative of -5 - 3*w - 1/2*w**2. Let t be b(-8). Calculate the greatest common factor of 1 and t.
1
Let u be ((-6)/4)/(1/36). Let z = u - -76. Let x = 259 + -17. What is the highest common divisor of z and x?
22
Let f(g) = g**3 - 4*g**2 - g + 7. Let x be f(3). Let c be x/(25/(-135)) + -4. Calculate the highest common factor of 69 and c.
23
Let l(j) = -13*j**3 - 2*j - 1. Suppose 20*q = 16*q - 4. Let c be l(q). What is the highest common divisor of 2 and c?
2
Let h(i) = 19*i + 24. Let b be h(-5). Let m = b + 94. Calculate the greatest common divisor of m and 23.
23
Let f be (-107 - -128)*(19 - -1). What is the highest common factor of 84 and f?
84
Let t(j) = 3*j + 27. Let k be t(-3). What is the greatest common divisor of 8 and k?
2
Let l(t) = 4*t**2 + 6*t + 5. Let s = -2 - 2. Let n be l(s). Let o = -1207 - -1216. Calculate the greatest common factor of n and o.
9
Let f = 7 + 0. Let y(l) = 3*l**2 + 7*l + 8. Let h be y(-4). What is the greatest common factor of f and h?
7
Let d(i) = -22 + 7*i**2 + 10 + 4 + 5. Let s = -5 + 8. Let w be d(s). What is the highest common divisor of w and 24?
12
Let l be (-267)/356*(-416)/6. What is the highest common divisor of l and 936?
52
Suppose -2*h - 2*h = -144. Suppose -4*n + 4 + h = 0. Let t = -2 + 4. Calculate the greatest common factor of t and n.
2
Suppose 2 = y + 2*s, 2*y - 4*s - 49 = s. Let a(i) = 2*i**2 + 75*i + 373. Let f be a(-5). What is the greatest common factor of y and f?
12
Let x = -39 - -3. Let b be (-8)/x - 232/(-9). Let f(r) = r**3 + 13*r**2 - 2*r. Let g be f(-13). Calculate the highest common factor of b and g.
26
Suppose -j + 35 = 4*j. Let s(m) = -2*m - 9. Let n be s(j). Let q = n - -48. Calculate the highest common factor of 125 and q.
25
Let h(x) = x**3 + 3*x**2 + 2*x + 10. Let g be h(-3). Calculate the highest common factor of 4 and g.
4
Suppose 33*g = 38*g - 440. What is the greatest common factor of g and 33?
11
Let z(v) = 3*v**2 - 43*v + 9. Let a be z(15). Suppose -3*i + 4*y - 7 = 0, -3*i + 3*y = -2*y + 11. What is the greatest common factor of i and a?
3
Let r(c) = -3*c + 15. Let g be r(4). Let x be (99/(-12))/(g/(-48)). Let y = x - 83. Calculate the highest common factor of y and 7.
7
Let l(o) = -2*o**2 - 19*o - 9. Let w be l(-9). Suppose w = -10*n + n + 9. What is the greatest common factor of 5 and n?
1
Let l(c) = c**2 - 9*c + 5. Let f = 22 - 13. Let o be l(f). Suppose 2*a = -o*q + 50, -13 - 6 = -a - q. Calculate the greatest common divisor of a and 5.
5
Let d be 40/(-6)*45/(-25). Let i = -12 - -16. What is the greatest common divisor of i and d?
4
Let o = 3076 - 3060. Suppose -1 + 11 = 5*d. Suppose -a - 32 = -d*a. Calculate the greatest common divisor of a and o.
16
Let z(j) = 3*j**2 - 16*j + 6. Let u be z(9). Suppose -35 = -3*b - 2*p, 2*b - 7*b + 100 = -5*p. What is the highest common divisor of u and b?
15
Suppose 28 = 3*w + 4*u - 2*u, 2*w + 5